n 426/v + 4/7 is divided by 12.
7
Let x = 34 + 12. Suppose 3*c - 656 = -5*p, 0 = 50*c - 51*c + 4*p + 247. What is the remainder when c is divided by x?
43
Let z = -392 - -442. Let d(c) = -31*c**2 - 2. Let q(o) = -15*o**2 - 1. Let l(k) = 3*d(k) - 7*q(k). What is the remainder when z is divided by l(-1)?
11
Let m = 33 - 30. Suppose 10 = m*u - 2*d - 4, 0 = -u + 2*d + 10. Suppose u*q - 72 = -2*y + 6*q, 102 = 3*y - 4*q. Calculate the remainder when 57 is divided by y.
27
Let g(y) = -y**2 - 10*y - 7. Let q be (-349)/(4/20*-5). Suppose 352*w = q*w + 267. Calculate the remainder when w is divided by g(-5).
17
Let p(r) = r**3 - 96*r**2 + 70*r + 2546. What is the remainder when p(95) is divided by 28?
3
Let i(p) = 8*p**2 - 3*p - 1. Suppose -5*s + 38*n - 37*n = -153, s = 3*n + 11. What is the remainder when i(3) is divided by s?
30
Suppose -12444 = -72*f - 50*f. What is the remainder when 1318 is divided by f?
94
Calculate the remainder when 2420 + (-15)/(120/64) is divided by 21.
18
Let d = 72 + -218. Let v = d + 160. Let b(n) = 19*n - 1. Calculate the remainder when b(2) is divided by v.
9
Suppose -23 + 9 = 2*v. Let g(c) = 5*c + 40. Let n be g(v). Suppose -9*r + n*r + 108 = 0. What is the remainder when 50 is divided by r?
23
Suppose 3 = -4*c + 19. Let d(s) = -45*s**2 - c*s + 4 + 8*s + 63*s**2 + 0*s. What is the remainder when d(-2) is divided by 35?
33
Let j = 86 - 35. Suppose 332 = 22*g - 86. Calculate the remainder when j is divided by g.
13
Suppose 6*a - 7*a + 20 = 0. Suppose -3*h - 2*k = -26, -2*h - 14 = 2*k - 34. Calculate the remainder when a is divided by h.
2
What is the remainder when (-10)/80*8*-1015 is divided by 250?
15
Let x(q) = 32*q**3 - 3*q**2 + 35*q - 273. What is the remainder when x(8) is divided by 60?
59
Let r(l) = l**2 + 12*l - 13. Let u be r(-13). Suppose 35*d + u*d = 1155. What is the remainder when 70 is divided by d?
4
Let k be (-5 + 1)*(-7 + 1). Let j = -5 + k. What is the remainder when 75 is divided by j?
18
Let n = 21123 - 21036. What is the remainder when 4436 is divided by n?
86
Suppose -8057 = -5*b - 3*y, 4*b + 44*y - 6452 = 48*y. What is the remainder when b is divided by 276?
232
Suppose -k + l = -2, 0 = 4*k + l + 3 - 1. Suppose -v = 0, -f + 5*v = -k*f - 18. Suppose -p = -f + 6. Calculate the remainder when 45 is divided by p.
9
Let c(p) be the second derivative of -p**5/20 - p**4/3 + p**3/2 - 2*p**2 + p. Let n be 6/(-4)*(-1360)/(-408). What is the remainder when 22 is divided by c(n)?
4
Let w = -3662 - -3773. Calculate the remainder when 428 is divided by w.
95
Suppose p - 12 = -f, -4*p = -10*f + 15*f - 65. What is the remainder when 796 is divided by f?
14
Suppose 614 = -113*f + 115*f. Let a = f + -129. Calculate the remainder when a is divided by 37.
30
Let k = 692 + -452. What is the remainder when ((-14)/(-3))/(k/117 + -2) is divided by 23?
22
Suppose 0*k + 3*k + 102 = 0. Let l = 34 - k. What is the remainder when l is divided by -47 - 75/(-1125)*915?
12
Let t(w) = -47*w - 259. Let m be t(-4). Let b = m + 81. What is the remainder when b is divided by 8?
2
Suppose -46*v - 14*v + 53019 = 69*v. What is the remainder when v is divided by 219?
192
Let j(m) = -7*m + 4. Let o be j(1). Calculate the remainder when 33 is divided by ((-2)/(-3))/(o - (-505)/165).
0
Suppose 164*s + 5327 - 15987 = 0. Calculate the remainder when 194 is divided by s.
64
Let x = -180 - -183. Suppose 5*s + 7 = -3*i + 152, 4*s + 181 = x*i. Calculate the remainder when 211 is divided by i.
46
Let h be (-28)/(-3 + -4) + 266. What is the remainder when -4 + 5 + h + 9 is divided by 24?
16
Let s(a) = a**3 + 2*a**2 - 3*a - 3. Let k be s(-2). Suppose -65 = k*o - 16*o. Calculate the remainder when 62 is divided by o.
2
Suppose 250*h - 6568 = 49*h - 1744. Let l = 8 - 6. Suppose -l*u = 2*u - 3*m - 373, -3*u = -3*m - 279. Calculate the remainder when u is divided by h.
22
Suppose -2822*t - 169 - 1399 = -2850*t. Let u(s) = -2 - 2*s**2 + s**3 + 0*s**3 + s**3 + 2*s. Calculate the remainder when t is divided by u(2).
6
Let j(v) = v**2 + 10. Let n(k) = -k**3 + 12*k**2 + 12*k + 13. Let x be n(13). Let p(l) = l**2 - l + 19. Calculate the remainder when p(x) is divided by j(0).
9
Suppose -821 = -17*x + 1406. Suppose 0 = f - x + 13. What is the remainder when f is divided by 15?
13
Calculate the remainder when 788 is divided by 139 + (1 + 1/(-3))*(-954)/106.
123
Let n(w) = 15 + 14*w + 16 + 47 - 12 + 39. Calculate the remainder when 12 is divided by n(-7).
5
Calculate the remainder when 581 is divided by -3*4/((-48)/196).
42
Suppose 0 = -b - 3, b = -2*p + 6*p + 121. Let l = 60 + p. Let a = 523 + -518. What is the remainder when l is divided by a?
4
Let c be (11/(-7) - 12/28) + 98. Let b = -36 + c. Calculate the remainder when b is divided by 17.
9
Suppose 32*k - 30*k - 12 = 0. Let m = 29 - -22. Let a = m - -1. Calculate the remainder when a is divided by k.
4
Let p = -32862 + 33300. Calculate the remainder when p is divided by 50.
38
Let q = 7422 + -7046. What is the remainder when q is divided by 177?
22
Let d = 12 + -31. Let m = d + 39. Let s = -11 + m. Calculate the remainder when 26 is divided by s.
8
Suppose -3125 = -3*u + 4621. What is the remainder when u is divided by 5?
2
Let k be (7 - 7) + -1*5. Let q be (-5)/(50/k)*4. Suppose -3*r - 4*l - 12 = -36, -q*l = 3*r - 24. What is the remainder when 45 is divided by r?
5
Calculate the remainder when 135 is divided by -9 + -3 + 16 + 3.
2
Let n(p) = 5*p + 31. Let d be n(18). Let w = d - 104. Calculate the remainder when 118 is divided by w.
16
Suppose 123*w + 5*l - 71 = 122*w, 3*w - 183 = -5*l. What is the remainder when 434 is divided by w?
42
Let p = -30 - -33. Calculate the remainder when (-2)/7 + 42149/791 is divided by 4 + 10*(p + -2).
11
Let u(a) = -53*a**3 + a**2 + a + 2. Let v be u(-1). Suppose 20 = -5*t, -t - 50 = -p + 2*p. Let h = p + v. What is the remainder when 16 is divided by h?
7
Let s(m) = 238*m - 161. What is the remainder when 1298 is divided by s(1)?
66
Suppose 218*f = 220*f - 8. Suppose -145 = -2*n + f*p - 3*p, 225 = 3*n + p. What is the remainder when n is divided by 28?
18
Suppose -41*p + 2 = -244. What is the remainder when 160 is divided by p?
4
Let s(l) = 2*l + 7. Let x = -304 + 318. What is the remainder when 346 is divided by s(x)?
31
Let v(f) = 6*f + 9. Let n be v(-3). Let t(h) = 8*h + 6. Let l be t(n). Let z = l + 88. What is the remainder when 109 is divided by z?
21
Let f = 6021 - 5535. What is the remainder when f is divided by 125?
111
Let a = 315 - 198. Suppose a + 4 = 11*z. Calculate the remainder when 42 is divided by z.
9
Let u(l) = -3*l**3 - 4*l**2 + 2*l + 36. Calculate the remainder when 2323 is divided by u(-3).
73
Suppose 0 = 3*f - 4*h - 1997, -4*f + 2769 = 20*h - 71. Calculate the remainder when f is divided by 243.
189
Suppose 2709*a = -5*x + 2712*a + 312, -5*a - 121 = -2*x. What is the remainder when 690 is divided by x?
60
Suppose 242*z + 15639 = 50971. Let m(y) = y**2 - y + 7. Calculate the remainder when z is divided by m(6).
35
Suppose 4*i = -5*z + 264 + 393, 6*i + 12 = 0. Suppose -4*d + 115 = 5*g, -42 = -2*g + g + 3*d. What is the remainder when z is divided by g?
25
What is the remainder when 76 is divided by 8/(-6) + ((-7520)/60)/(-4)?
16
Let r(f) = -f**2 + 288 - 110 + 5*f + 9*f - 135. What is the remainder when r(16) is divided by 9/2*(-8)/(-6)?
5
Let f = -7422 + 8095. What is the remainder when f is divided by 133?
8
Let x(r) = 15*r - 374. Calculate the remainder when x(31) is divided by 21.
7
Let d(o) = 5*o**2 - 34*o - 7. Calculate the remainder when d(10) is divided by 18.
9
Let m(h) = 3*h**2 + 36*h + 34. Let n be m(-11). Let y = -18 + 32. What is the remainder when 46*n - 21/(-3) is divided by y?
11
Let y be (-2)/4 + (-6)/(-12). Suppose -i - 4*h = -33, 11 + 19 = i + 5*h. Let l = i + y. Calculate the remainder when l is divided by 17.
11
Let r(d) = -29*d**2 + 197*d - 237. What is the remainder when 1053 is divided by r(5)?
18
Suppose 229435 = 10*x - 3*d, -8*x = -7*x - 4*d - 22962. What is the remainder when x is divided by 239?
237
What is the remainder when 6205 is divided by 558/(-124)*((-95)/45)/(1/6)?
49
Let g(q) = q**2 - q. Let s(a) = 2*a**2 + 3*a + 7. Let o(r) = 4*g(r) - s(r). Let b be o(5). What is the remainder when (5/(20/107))/(2/b) is divided 